-8316. Calculate the greatest common factor of k and s.
3
Let n be (37/(-111))/(1/477). Let s = -42 - n. What is the highest common factor of s and 65?
13
Let j(i) = -i**3 + 8*i**2 - 6*i - 19. Let u be j(4). What is the highest common divisor of 742 and u?
7
Suppose 5*v - 1459 = -3*b, 5*b - 394 = -v - 133. Suppose 2*l - 35 = -f, -2*f + 5*l + 0*l + 79 = 0. What is the highest common factor of v and f?
37
Let q(a) = -a + 3. Let v be q(-7). Let t be 212/v + (-12)/10. Calculate the greatest common factor of t and 8.
4
Let c(l) = l**3 - 7*l**2 - 7*l + 6. Let j be ((-22)/(-3))/(20/210). Let t = j - 69. Let k be c(t). Calculate the highest common factor of 224 and k.
14
Let s(l) be the second derivative of -l**3/3 - 14*l**2 - 46*l. Let q be s(-18). Calculate the greatest common factor of q and 12.
4
Let m be -2*(-238)/4 - (-67 + 62). What is the greatest common factor of m and 5084?
124
Let w(q) = 4*q + 59. Let f be w(-12). Suppose -5*l + 10*l + 10 = 0. Let j(m) = 10*m**2 - 3*m - 2. Let k be j(l). Calculate the highest common factor of f and k.
11
Suppose -2110 = -25*h + 1140. What is the greatest common divisor of 325 and h?
65
Suppose 31*x + 37*x - 41*x = 1728. What is the greatest common factor of 12736 and x?
64
Suppose 4*l - 5*c - 670 = 0, -2*l + 375*c - 372*c + 334 = 0. Calculate the greatest common divisor of 391 and l.
17
Suppose 3*t = 4*c - 13792, -c - 93*t = -96*t - 3439. Calculate the highest common divisor of 476 and c.
119
Let w be (-2 + (3 - 0))/((-4)/20). Let s be (-31)/w + (-1)/5. Let t = s - -38. Calculate the greatest common divisor of 33 and t.
11
Suppose 0 = 5*b - 2*b - 24. Let h(v) = 8*v - 2. Let i(f) = -3*f + 1. Let r(j) = -2*h(j) - 7*i(j). Let q be r(15). What is the highest common divisor of b and q?
8
Let k = -6484 + 7130. Calculate the greatest common factor of k and 304.
38
Let f(l) = 5*l**2 - 16*l - 6. Let t be f(6). Suppose 11*s - t = 8*s. Suppose 25*m + 52 = 26*m. Calculate the highest common divisor of m and s.
26
Let n(j) = -j**3 + 15*j**2 + 45*j - 122. Let m be n(17). What is the highest common factor of m and 39?
13
Let n be (-11 - (-1261 - -8)) + -9. What is the greatest common factor of 81 and n?
9
Suppose 254*c + 268*c - 522192 = 49*c. What is the highest common factor of c and 575?
23
Suppose -m - 99 = 4*i, 2*m + 46 = i - 125. Let v = m + 98. Calculate the highest common divisor of 297 and v.
11
Let w = 275 - 389. Let q = w + 275. What is the greatest common divisor of 7 and q?
7
Suppose -14*a = -19*a. Suppose 64 = 5*m - 4*u, a = -2*m - 0*u - 5*u + 19. Calculate the highest common divisor of 16 and m.
4
Let i(o) = 37 - 170 + 44 - 3*o. Let r be i(-32). Let u be (11/(-3))/(2/(-42)). Calculate the highest common divisor of u and r.
7
Let t = -358 + -43. Let z = t + 412. Calculate the greatest common factor of 187 and z.
11
Let c be (-200)/(-10) + (1 - 8). Suppose -27*n - c*n + 520 = 0. What is the highest common divisor of n and 117?
13
Let a = 1068 - -5340. Calculate the highest common divisor of 72 and a.
72
Suppose 127*h = 2406 - 120. Calculate the greatest common divisor of 4374 and h.
18
Let w(m) = -m**3 + 38*m**2 - 3*m - 1018. Let u be w(37). What is the highest common factor of 75 and u?
15
Let b = -832 - -1174. Let y be 4 + 13 + 5/(-4 + 9). Calculate the highest common factor of y and b.
18
Suppose 4*l + 22416 = 2*k, 5*l - 22362 = -5*k + 3*k. What is the greatest common factor of k and 36?
36
Suppose -2 = -2*q, 2*j + 3*q - 28 = q. Suppose 0 = -9*d + 99 + 45. Suppose -14*r - 26 = -d*r. What is the greatest common divisor of j and r?
13
Suppose -484 = -17*n - 1742. Let m be (-1)/((-2)/(-7))*26. Let b = n - m. What is the greatest common factor of b and 17?
17
Suppose 38 = 3*c + 8. Let f(v) = 4*v - 22. Let a be 13*-3*1*(-6)/18. Let p be f(a). What is the greatest common divisor of c and p?
10
Suppose -3*s + 109 - 97 = -87. What is the greatest common factor of 5577 and s?
33
Let r(h) = -2*h - 1. Let k(g) = -4*g + 44. Let b(d) = k(d) + r(d). Let a be b(7). Let i be 6/(-2) - (8/a)/(-1). Calculate the highest common factor of 35 and i.
5
Let y = -261 - -404. Let i = 168 - y. Let m(r) = 2*r**2 - 4*r - 1. Let k be m(3). What is the greatest common divisor of i and k?
5
Let b(f) be the first derivative of 5*f**2 - 75*f - 2. Let z be b(16). Calculate the highest common divisor of z and 34.
17
Let n = 2307 + 893. What is the highest common factor of 512 and n?
128
Let l = -5481 + 5545. Calculate the highest common factor of l and 1552.
16
Let m = 974 + -845. What is the highest common factor of 3956 and m?
43
Let p(j) = -21*j - 281. Let a(d) = -22*d - 283. Let o(v) = -5*a(v) + 4*p(v). Let m be o(0). Calculate the highest common factor of 97 and m.
97
Suppose -3*c - 4*p - 3 = 0, -5*c + 2*p = -10*c + 9. Suppose 3*a = -5*d - 13 + 44, c*d = 6. Calculate the highest common divisor of a and 217.
7
Suppose 0 = -3*p + 4*q + 80, -5*q - 20 - 5 = 0. Suppose 0 = -37*l + 236 + 1 + 59. What is the greatest common factor of p and l?
4
Let r be 3 + (-1108)/44 + 14/77. Let t be r/99 - ((-5244)/27 + 2). What is the greatest common factor of 8 and t?
8
Let p(r) = 3*r**2 + 2*r + 2. Let x be p(-11). Let m be x/11 + (-18)/99. Let k = -44 + 137. What is the highest common factor of m and k?
31
Let y = 13021 + -13015. What is the greatest common factor of 366 and y?
6
Let m(a) = 3*a**3 - 14*a**2 + 55*a - 24. Let s be m(8). Calculate the greatest common factor of 384 and s.
96
Let r = -13959 - -33341. What is the highest common divisor of 22 and r?
22
Suppose 33*t = -7470 + 16380. Calculate the greatest common divisor of t and 8490.
30
Suppose 0 = -f + 1 + 1. Suppose 0 = -0*r - r + 2*b + 7, 8 = f*r - b. Let u be (r + (3 - 3) - 4)*-1. Calculate the highest common divisor of 13 and u.
1
Suppose r - 17 = 5*j, -5*r - 26 + 91 = -5*j. Let u(x) = 124*x + 4484. Let c be u(-32). What is the highest common factor of c and r?
12
Suppose 881 = 38*a + 490 - 749. Let s = -90 - -135. What is the highest common divisor of s and a?
15
Let f = -9 - -18. Suppose -1 = -2*u + 7, 4*u - 1 = 5*x. Suppose -x*h = 4*a + 2*h + 8, 3*h = -4*a. Calculate the highest common divisor of a and f.
3
Suppose s + 95 = 3*p - 4*s, -80 = -4*p - 5*s. Suppose -344*i - 2*n - 4120 = -348*i, -3065 = -3*i - n. What is the highest common factor of i and p?
25
Let g(r) = r**3 - 7*r**2 + 15*r + 13. Let q be g(4). Suppose 3*o = 2*t + 75, -10*t + q = o - 8*t. What is the highest common factor of 1 and o?
1
Suppose -n + 898 = -4*l, 2*n = -6*l + 4*l + 1806. Calculate the greatest common divisor of 22 and n.
22
Let y = -144 + 377. Suppose -y = -6*v + 1069. What is the highest common factor of 31 and v?
31
Let x = -1282 - -3245. Calculate the highest common divisor of x and 52.
13
Let l = -91 - -67. Let a be ((-8)/(-2))/((-6)/l). Let v(j) = 3*j**2 - 5*j + 6. Let x be v(-6). What is the greatest common factor of x and a?
16
Let z = -3378 - -5367. Suppose -357 = 12*a - z. Suppose 3*d + 0*d + 2*t = 397, 3*t + a = d. Calculate the greatest common divisor of d and 19.
19
Let x be 735066/99 - 6/66*-1. Calculate the greatest common factor of 330 and x.
165
Let m(c) = c**3 + c**2 - 5*c + 19. Let x = -230 - -235. Let h be m(x). What is the highest common factor of 16 and h?
16
Suppose -4*d + 50 - 14 = 0. Let b be (-1905)/(-254) + 2/(-4). Suppose -b*o - 54 = -d*o. Calculate the highest common factor of 81 and o.
27
Let v be 39*((-10)/(-4) + (-90)/60). What is the highest common divisor of v and 5421?
39
Let j = 4 + 0. Suppose -2*l - j = -w - 20, -l - 2*w = -3. Let n(o) = o**2 - 9*o - 238. Let d be n(-12). Calculate the highest common factor of l and d.
7
Let j(l) be the second derivative of -19*l**3/3 + 100*l**2 - 61*l + 2. Let t be j(5). Calculate the greatest common factor of t and 2.
2
Let t be 32/(-8)*(-6)/4. Let h(d) = 4 + 8 + 0 + 10 + 22*d. Let i be h(t). Calculate the greatest common factor of 14 and i.
14
Let s(f) = f**2 - 2*f. Let i be s(4). Suppose 0 = r - 32 + i. Suppose 25*w - 4536 = 4*w. Calculate the greatest common divisor of r and w.
24
Suppose -5*l + s + 11602 = 0, -5*l - 2*s + 5930 = -5666. Suppose 29*f - l = -0*f. Calculate the greatest common factor of f and 5.
5
Suppose -2*k = -72 - 46. Suppose 0 = 133*g - 1613 - 2384 + 273. Let q = k - g. Calculate the highest common factor of q an